
Calculate 0 + -2 + 3 - -4.
5
Calculate 2 + 2 + 1 - 3.
2
Evaluate (-1 - 1) + 2 + -2 + -2.
-4
What is the value of 0 + -6 - (0 - 0)?
-6
Calculate -3 - (0 + -3 + -5).
5
Evaluate -7 - (5 + -3 - (5 + 3)).
-1
What is -7 + 0 + -1 - (-18 - -14)?
-4
Calculate 10 + 5 + -11 + 3 + -8.
-1
Calculate -5 + (14 - (8 + -4)).
5
What is 23 - (2 + 5) - (17 + -11)?
10
Evaluate 5 + (-7 - (0 + (2 - 2))).
-2
What is the value of (-4 - -1 - -8) + (4 - 7)?
2
29 - 16 - (4 + 12)
-3
1 + (0 - 4) + 2 + 3
2
Evaluate -6 - (-2 - -7 - 1) - -2.
-8
-17 - -19 - ((-2 - 1) + 0)
5
3 + (7 - (4 - 0))
6
What is (-5 - -1) + (2 - -5) + 2?
5
Calculate 8 - (-6 - -11) - (7 - -2).
-6
1 + -2 - -6 - (1 - -3)
1
What is the value of 11 - 2 - (10 - -6)?
-7
15 + 0 + -17 + 0 + -6
-8
Evaluate 3 - (2 + -1) - (5 - 4).
1
What is 23 - (16 + -8) - 9?
6
What is 7 + -8 + -4 - -6?
1
(2 - -3) + (1 - (3 + -8))
11
What is 1 - ((-28 - -29) + -2 + -1)?
3
Evaluate 7 + -25 + 6 + 4.
-8
What is 0 - (4 + 6 + -3 - 3)?
-4
Calculate (-17 - -20) + (-1 - -1).
3
What is the value of -1 + -3 - (-9 - -8) - -3?
0
-5 + (-2 - (7 - 13) - 1)
-2
-1 + (-13 - -7) + 5 + 1
-1
Calculate (-12 + 15 - (3 + 4)) + 3.
-1
Calculate -10 + 11 + (2 - (2 - 3)).
4
-6 + (3 - -4) + 12 - 7
6
What is 0 + -5 - ((6 - 6) + 1)?
-6
What is the value of (2 - -2 - (4 + 3)) + -3?
-6
What is the value of 3 - (3 + (-4 - -3) - 3)?
4
Calculate 8 - (12 + (2 - -1)).
-7
What is 110 + -121 + 1 + 2?
-8
Calculate -2 + 12 - (16 - 11).
5
(-4 - -3) + 2 + (-1 - -1)
1
Evaluate -8 + 0 - (-42 - -38).
-4
What is the value of -4 + 6 + -4 - 2 - -2?
-2
-5 + 6 + -4 + -1
-4
What is the value of (-8 - -4) + 4 + -1?
-1
3 - (2 - (1 - -1))
3
Calculate -10 + 2 + (-4 - (7 - 15)).
-4
Calculate -7 + 19 - -1 - 7.
6
Evaluate -5 - (7 + (-6 - 2)).
-4
(0 - (1 - 1)) + 5
5
What is -2 + 0 + (1 - 0) + 0?
-1
What is (-3 - (-2 - -8)) + 5 + 6?
2
What is (1 - (0 - 0) - 3) + 7?
5
Calculate -7 + (-1 + -1 - -5).
-4
Calculate -5 - (-3 + 6 + -4 + -1).
-3
-7 + 3 + -4 + 3
-5
-5 - 9 - -9 - (-13 - 2)
10
What is the value of 0 + 1 + 1 + -3 - 3?
-4
What is 0 + -5 + (-7 - -18) + -11?
-5
Evaluate -1 + (-13 - -2) + 9.
-3
What is 0 + -1 + (25 - 25) + 4?
3
Calculate -12 + -2 + 4 + 6.
-4
What is 0 - (0 - ((2 - 1) + 1))?
2
Calculate (35 - 39) + 0 + 4 - 0.
0
What is (9 - (7 - 9)) + -21?
-10
Evaluate -6 + (5 - -5) + 1.
5
2 - (3 - (6 + -12 + 2))
-5
Evaluate -30 + 26 + 2 + -2.
-4
Evaluate (-13 - (-18 + -5)) + 0 + 1.
11
Evaluate -1 - 0 - (4 - 4 - -5).
-6
What is the value of -4 + 2 + 3 + -3 + -2?
-4
What is 3 + 3 - (-3 + 7)?
2
Evaluate -19 + (1 - -12) - -7.
1
Evaluate 3 + (-1 - 5) - 0.
-3
Calculate 1 - (-12 + 10 + 0 + 0).
3
Evaluate 1 + 1 + 3 + -4 + 4.
5
Calculate (-3 - (-2 - -6) - -12) + -5.
0
0 + -3 + (-3 - 0 - -2)
-4
Evaluate -7 - (11 - 15 - -4).
-7
What is -5 - -6 - ((-3 - -5) + -2)?
1
16 - 16 - (3 - 7)
4
What is the value of -8 - -9 - (0 - 4)?
5
Evaluate 1 + 1 + 5 - 6.
1
29 - 46 - (-16 + 4)
-5
What is the value of -57 - -69 - (14 + 2)?
-4
What is (-2 + -3 - -5) + 7?
7
What is the value of -13 - -11 - -5 - 11?
-8
Calculate -7 - (-6 - (-3 - -2)).
-2
Calculate 1 + -9 - (171 - 184).
5
Evaluate 1 - 1 - (-1 + -3).
4
Calculate -2 - (-3 - (-7 - -11 - 6)).
-1
(0 - (8 + -17)) + -9
0
Evaluate -11 + 15 + 1 + -4.
1
1 + -2 + -4 - (66 + -69)
-2
Calculate (2 - 5) + (7 - 1).
3
Calculate (-6 - -5) + 2 - (-4 - -1).
4
Evaluate (1 - 0) + 1 + (23 - 17).
8
Calculate -8 + 20 + -8 + 6.
10
What is the value of -9 + -2 - (-28 + 10)?
7
Calculate (-3 - (-3 + 6 - 1)) + 5.
0
What is -9 - -12 - (0 - -1 - 1)?
3
What is the value of 3 - (-3 - (-3 + (-1 - 1)))?
1
What is the value of 4 - (-4 + 3 + -3)?
8
What is (1 - -8) + (-96 - -84)?
-3
8 + (-29 - -8) + 7
-6
-3 - (4 - 7 - 5)
5
Evaluate -1 + -3 + -3 + (2 - 0).
-5
-4 - (-12 - (2 - 7))
3
Evaluate 0 - (2 + -7 + (56 - 46)).
-5
What is the value of -5 + (0 - (-8 - -5))?
-2
What is 6 - (9 + 0) - -11?
8
5 - (6 - (-2 + 4 - 5))
-4
What is 8 - (4 - (-5 - -10) - -1)?
8
Calculate -12 + 15 - (2 + 6) - -5.
0
Evaluate -3 + 3 - -9 - 3.
6
Calculate 19 - (26 - 12) - (-1 - -2).
4
Evaluate -3 + 9 + (-3 - 3).
0
Calculate -15 + 29 + 0 + -24.
-10
Calculate -9 - (-2 - -6 - 9).
-4
What is 8 + (-2 - -2) + (-4 - 0)?
4
What is -1 - -4 - (102 + -91)?
-8
Evaluate -1 - (8 - 15 - (-1 - 2)).
3
(-4 + 4 - -5) + -5
0
Evaluate (-4 - -10 - -1) + -6.
1
Evaluate -9 + 3 - (-8 - -12 - 12).
2
Calculate 1 + (5 - (1 - -6) - 6).
-7
Evaluate -2 - ((2 - 5) + -3).
4
Calculate 3 - (-7 + (8 - 6) - -15).
-7
What is 7 - (5 + 10) - -6?
-2
What is the value of 1 - (-1 - (-3 + -3))?
-4
What is the value of -1 + -1 + 1 + (1 - 0)?
0
What is 173 + -187 + (-1 - -21)?
6
5 + -1 + 6 + -4
6
(1 - 1 - -1) + -22 + 23
2
What is the value of -11 + -9 + 25 - 9?
-4
(11 - (3 - 3)) + -16
-5
What is the value of (40 - 41) + (3 - 1)?
1
What is -1 + (7 - 3 - 4)?
-1
What is -7 + (-1 - (-7 + -5))?
4
What is the value of -4 + 15 + -6 - (5 + -2)?
2
Evaluate -1 + -12 - (-316 - -302).
1
Evaluate 4 + (9 - 6) - 14.
-7
-8 + 2 + (-2 - (-5 + 0))
-3
What is the value of 1 + -1 + 2 - (-76 - -75)?
3
What is the value of 6 + -2 + -1 + -9 - -3?
-3
Evaluate (5 - 9) + 1 + 1 + -2.
-4
What is 3 + 0 - (-41 + 43)?
1
What is the value of 5 - (0 + 8 + (-3 - -1))?
-1
What is the value of (-5 + 2 + -4 - -3) + 2?
-2
Calculate -3 + -1 - 0 - 3 - -2.
-5
Calculate (-2 + 1 - (2 + -5)) + 0.
2
1 + 1 + -1 + -1 + 5
5
What is the value of -4 + (5 - (-2 + -4 - 1))?
8
5 - ((2 - 8) + 9)
2
Evaluate 4 + -4 - -9 - (0 + 0).
9
Evaluate (4 - 5) + -3 + 2.
-2
What is (6 - 0) + -29 + 23?
0
What is the value of -8 + 1 + 7 + -5 - -3?
-2
Calculate -4 + (-1 - (3 + -6)).
-2
Evaluate 10 + -6 + 3 + -4 + 0.
3
-3 + -3 + 5 + 0 + -1
-2
Evaluate (252 - 240) + (2 - 1 - 7).
6
Evaluate (-1 - (0 - -2 - 4)) + -3.
-2
Calculate -1 - -2 - (0 + (7 - 2)).
-4
Calculate 0 + (4 - -6 - 5).
5
What is (-4 + 6 - 8) + 6?
0
What is 2 + (-3 - 0) + 1?
0
What is -1 + (3 - 0) + -9 + 2?
-5
Evaluate -9 + (14 + -5 - 7).
-7
2 + 6 + -19 + 7
-4
Calculate 1 + (-4 - 1) + (0 - -1).
-3
What is (-1 - (-3 - -3)) + -5 + 1?
-5
-2 - (2 + -5 + 6)
-5
What is -2 - -9 - 4 - -4?
7
What is the value of 6 + (-6 - 2 - -8)?
6
What is the value of -30 + 25 - (-1 + -2)?
-2
What is the value of 7 - ((-3 - -1) + 2 - -2)?
5
Evaluate 0 - (2 - (-1 - 2)).
-5
What is 5 - 5 - (-5 - (-2 + 1))?
4
(-8 - (2 + -7)) + 11 - 11
-3
Evaluate 5 + (5 - 11) - (-4 - 0).
3
What is -3 + (1 - 0 - (2 - 6))?
2
What is the value of (-3 - -2) + -1 - (-1 - -2)?
-3
Evaluate (-6 - -6) + -8 - -6.
-2
Evaluate 10 + -3 + -6 + 2 + 2.
5
What is the value of 5 - (-4 - (-9 + 4)) - 8?
-4
Evaluate -5 - (-8 - (-5 - 4)).
-6
What is the value of (-3 + 0 - (6 + -8)) + -3?
-4
What is 9 - (-1 + (6 - (3 - 2)))?
5
Evaluate 1 + -16 + 8 + -23 + 23.
-7
Calculate (-2 - -3) + (-5 + 2 - -6).
4
Evaluate -5 + 2 + 2 + 3 - 1.
1
What is -5 + 8 + -7 + 1?
-3
-2 + 0 + -6 + (-23 - -40)
9
Calculate -1 + (1 - -2 - 0) + 2.
4
Evaluate -5 - -2 - ((2 - 6) + 2).
-1
What is the value of 0 + (3 - (4 - 1)) + -5?
-5
7 + 1 - (5 + (1 - 0))
2
Evaluate 0 - (2 + 1 + 0) - 2.
-5
Calculate -9 - (-14 - (-10 - -8)).
3
Calculate -5 - -8 - (2 - (-5 - -4)).
0
What is the value of 4 + -1 - (12 - 14)?
5
What is -4 - (3 - 6) - -4?
3
Calculate -5 - (3 + 1 - 4).
-5
-6 - (-11 - -15) - -3
-7
What is 1 - (-1 + 6) - 1?
-5
What is 0 + -3 + -2 + 6?
1
Calculate (-15 - -1) + 10 - 3.
-7
What is the value of -1 - (4 + -1) - (-17 - -10)?
3
Evaluate -2 - (0 + (-4 - -4)) - -8.
6
What is the value of (7 - 2 - 5 - -4) + -1?
3
Evaluate (0 - (-2 + 2)) + -33 + 31.
-2
What is -1 + -3 + 3 + (6 - 6)?
-1
Evaluate -5 - (1 + -2 + 1).
-5
4 + 3 + 9 + -16
0
Evaluate 1 + -5 - (4 - (0 + 2)).
-6
What is the value of (-2 - 3) + 1 + 4 + -4?
-4
3 + -6 + (-1 + 6 - 0)
2
What is the value of -2 - (7 + -22 + 7)?
6
(-3 - (-2 - -3)) + 3
-1
Calculate 1 + 0 + -6 + 5.
0
Evaluate 1 - (-4 - (-1 - (-1 + 3))).
2
Calculate -4 + 0 + 7 - 3.
0
What is the value of -3 - (-8 - -2) - 2 - -1?
2
(-15 - -23 - 11) + -1 + 7
3
Calculate (-7 - 2) + (11 - 11).
-9
What is -6 + 0 - (-37 - -28)?
3
Calculate 10 + -3 + -13 + -2.
-8
Calculate 0 + (-6 - (6 + -18)) + -1.
5
What is the value of -6 - (-11 - (5 + (4 - 9)))?
5
-1 - (13 - 5 - 3)
-6
What is the value of -1 + (10 - (13 + 1))?
-5
Calculate -3 + (8 - (9 - 6)) + -4.
-2
What is (1 - 6 - -3) + 0?
-2
What is (-12 - (-5 + -2)) + -8 + 3?
-10
What is the value of -4 - (12 + -7 + -8)?
-1
Wha